et t = k + -10. List the prime factors of t - 3/(-1)*1.
3, 5
Suppose -3369 = -10*j - 1299. List the prime factors of j.
3, 23
Suppose 38*b - 1772 = 36*b. What are the prime factors of b?
2, 443
Let h = -766 + 2779. What are the prime factors of h?
3, 11, 61
Suppose 2*l = s + 9, -5 = -2*s + 5. Suppose 3*n + l = 19. Suppose -r + 68 = n*w, 5*r - 36 = -w - 0*r. List the prime factors of w.
2
Let s(w) = 9*w**3 + 2*w**2 - 2*w. Let f(u) = -4*u**3 - u**2 + u. Let n(j) = 7*f(j) + 3*s(j). Let p be n(2). Let d = 14 + p. List the prime factors of d.
2
Let l(t) = 2*t**3 + 1 + 4*t**2 - 3*t**2 + 2*t + 0*t**3. Suppose i + 0*i + 13 = 3*c, 4*c = 5*i + 10. List the prime factors of l(i).
5
Let s(t) = -440*t + 412. What are the prime factors of s(-6)?
2, 7, 109
Suppose u = -4*f - 428, -2*f - 4*u - 535 = 3*f. Let t = 240 + f. List the prime factors of t.
7, 19
Suppose -3*r = -q + 1069, -3*q - 2*r = -4862 + 1655. List the prime factors of q.
1069
Suppose 10*t - 849 = -g + 15*t, 4137 = 5*g + 2*t. List the prime factors of g.
829
Let r = -117 + 121. Suppose r*f - 107 = 941. List the prime factors of f.
2, 131
Let j = -3 + 41. Let z = j - 54. Let a = z + 44. What are the prime factors of a?
2, 7
Let r(h) = 3*h + 12. Let m be r(-3). Suppose -9*s + 726 = -m*s. What are the prime factors of s?
11
Let b = 24 - 9. Let v = -13 + b. Suppose 0*f - v*f + 38 = 0. List the prime factors of f.
19
Let a be (-124)/(-32) + 8/64. Suppose -4*i - 2*l - 3*l = -1086, 1084 = a*i + 4*l. List the prime factors of i.
269
Suppose -4 + 2 = -i. Let y = i + 67. List the prime factors of y.
3, 23
Let g be (2/3)/(18/486). Suppose -4*o - 44 = -n, -n + 2*o = -g - 30. What are the prime factors of n?
2, 13
Let b be -1 - (-77 - (-4)/4). Let w = b - 42. List the prime factors of (-22)/w*3*-2.
2
Let b(m) = 3*m**2 - 3*m + 16. Let j be b(-7). Let o = -123 + j. What are the prime factors of o?
61
Let o be 1*(-3)/5 + 6/(-15). Let m = o + 28. List the prime factors of m.
3
List the prime factors of (-111830)/(-34) - 304/2584.
11, 13, 23
Let h(l) = l**2 - 2*l - 20. Let y(r) = 4*r - 8. Let x be y(4). List the prime factors of h(x).
2, 7
Suppose 5*t - a - a = 377, 374 = 5*t + a. List the prime factors of (t/(-100))/(1/(-180)).
3, 5
Let g = 3 + 1. List the prime factors of (-7588)/(-112) + 1/g.
2, 17
Let w(h) = -4*h**2 + 12*h**2 - 3*h - 3*h**2 - 4*h**2. What are the prime factors of w(5)?
2, 5
Suppose 0 = w + 4*f + 421 - 1082, w - 685 = 2*f. List the prime factors of w.
677
Suppose 33*f - 4440 = 25*f. List the prime factors of f.
3, 5, 37
Let o(n) = 3*n**2 - n - 6. Let z(w) = w**2 + w - 1. Let p(g) = -o(g) + 5*z(g). Let j be p(-4). Suppose 2*u + u - j = 0. List the prime factors of u.
3
Let a = 49 + 584. What are the prime factors of a?
3, 211
Let s = 65 - 68. List the prime factors of -2 - (s - -2)*(300 + 3).
7, 43
Let m(r) be the first derivative of -5*r**2/2 + 10*r - 6. Let b be m(5). List the prime factors of (19 + 1)*b/(-12).
5
Let r be (-1)/2 + (-243)/18. Let i = r + 14. Suppose 4*h + 36 - 116 = i. List the prime factors of h.
2, 5
What are the prime factors of (0 + 2 + -44)*(-416)/39?
2, 7
Suppose 2*d - 2*u = 18, -4*d + 5*d + 5*u = -15. List the prime factors of d.
5
Let m(k) = k**3 - 7*k**2 + 18*k - 11. Let f be m(9). Let d = f + -177. What are the prime factors of d?
2, 17
Let o = -9 + 698. List the prime factors of o.
13, 53
Suppose 61*u + 9 = 58*u. Let l(d) = 3*d**2 + 4*d + 7. List the prime factors of l(u).
2, 11
Let c be 3*(-3 - 0 - -4). Suppose 0*z - 43 = -3*z + u, -3*z = -c*u - 45. What are the prime factors of z?
2, 7
Let v(p) = p + 4. Suppose 9 = -5*y - 21. Let o be v(y). What are the prime factors of 148/10*(-5)/o?
37
Let c = 493 - 320. List the prime factors of c.
173
Suppose 10384 = 2*y - 4*s, 61 - 76 = 5*s. List the prime factors of y.
2, 2593
List the prime factors of 620636/1156 - (-4)/34.
3, 179
Let h(x) = 2*x**2 - x + 4. Let m(l) = l - 1. Let y be (-3)/((-28)/16 + 1). Let z be m(y). List the prime factors of h(z).
19
Let k(d) = -21*d + 2*d + 2 - 7*d. Let g(c) = 2*c + 9. Let b be g(-5). What are the prime factors of k(b)?
2, 7
Let r(p) = 204*p. What are the prime factors of r(2)?
2, 3, 17
Suppose -16*g + 5944 + 1320 = 0. List the prime factors of g.
2, 227
Suppose 5*u - 430 = -0*u. Let k = u + 55. What are the prime factors of k?
3, 47
Let a(r) = 5*r**2 - 36*r - 26. What are the prime factors of a(-11)?
3, 5, 13
What are the prime factors of 632/1 - 0/(28/7)?
2, 79
What are the prime factors of -303*(4 - 3)*(-22)/2?
3, 11, 101
Suppose 15*q - 7778 = 1072. What are the prime factors of q?
2, 5, 59
Suppose 3*l - 2*l - 36 = 0. Suppose -l = -4*d - 8. Suppose 0 = -10*n + d*n + 42. What are the prime factors of n?
2, 7
Let t = 306 - 182. Let r = t + -73. What are the prime factors of r?
3, 17
Let d(t) = 201*t + 205. What are the prime factors of d(13)?
2, 1409
Let a be (36/(-20))/((-3)/20). List the prime factors of (6/a)/(0 - 2/(-440)).
2, 5, 11
Let a be (-192)/(-2)*(-2 - -3). Suppose 2*y = l - 50, 6*y + a = 2*y + 4*l. Let i = y + 37. What are the prime factors of i?
11
Let t = 137 + -97. Let x = t + -24. List the prime factors of x.
2
Let q be (8/(-32))/((-1)/12). Suppose -m + 124 = q*m. What are the prime factors of m?
31
Let g(t) = -2*t - 7. Let a = 6 - 11. Let s be g(a). Suppose -q + 21 = p, -3*p + s*q = 2*p - 81. List the prime factors of p.
2, 3
What are the prime factors of -5*18/45*(-1 - 592)?
2, 593
What are the prime factors of 2/(-2)*(-59 + -2 + 2)?
59
Let a = 110 + 2901. What are the prime factors of a?
3011
What are the prime factors of ((-5)/(5/447))/((-30)/110)?
11, 149
Suppose o + 3 = 0, 5*a = -0*a - 5*o + 1115. Suppose -229 - a = -5*k. What are the prime factors of k?
7, 13
Let s(a) = 10*a + 24. Let b be s(-8). Let x = b + 209. List the prime factors of x.
3, 17
Let o be 3 + (-3 + 4 - -1). Suppose -d + o*d = 8. What are the prime factors of 49/d + (-3)/(-6)?
5
Suppose 5*o - 16218 = 2*c, -16*o + 6487 = -14*o - c. What are the prime factors of o?
2, 811
Let q(j) = -j**2 + 3*j - 6. Let f be q(-5). Let m = f + 96. What are the prime factors of m?
2, 5
Suppose 70*k = -1535 + 12665. What are the prime factors of k?
3, 53
Suppose -3*r + 45 = 2*b - 5*b, -2*b + 3*r = 33. Let i = 12 + b. Suppose a - 47 - 2 = i. List the prime factors of a.
7
Suppose -2*u = -4*l - 4, 3*u - 5 + 19 = -4*l. What are the prime factors of (-2446)/(-10) + u/(-5)?
5, 7
Let z = -17 + 8. Let r be -4 + z/(9/(-44)). Let h = r - -15. What are the prime factors of h?
5, 11
Suppose -5*k - 2867 = -4*y, 0*y - y + 3*k = -715. What are the prime factors of y?
2, 359
Suppose 3*x = -2 + 20. Suppose 0 = -x*s + 667 - 187. What are the prime factors of s?
2, 5
Suppose -2432 - 3892 = -6*h. List the prime factors of h.
2, 17, 31
Let p be ((-132)/(7 - 4))/(-2). Let g = 82 + p. List the prime factors of g.
2, 13
Let l = -16 - -27. Let w = 36 + l. What are the prime factors of w/2 + (-7)/(-14)?
2, 3
Suppose -5*d + 5*j - 6*j + 35 = 0, -d - 2*j = -16. What are the prime factors of (-5 - d/(-1))/(1/178)?
2, 89
Let c be 44/(-20) + (-2)/(-10). What are the prime factors of c/5 - (34/5)/(-2)?
3
Suppose 62 = n + 4*o, o - 3 - 2 = 0. Suppose -2*f = -n - 128. What are the prime factors of f?
5, 17
Let o(m) = -2*m**2 - m**3 + 10*m**2 + 116*m - 122*m. Let z be o(5). Suppose -d + z = -5*y + 349, -4*y + 245 = d. List the prime factors of y.
61
Let w(l) = -5*l**3 - 2 + 2*l - 2*l**2 - 2*l**2 + 4*l**2. List the prime factors of w(-2).
2, 17
List the prime factors of -2 + (-708)/(1 + -7).
2, 29
Suppose -2*s = 4*z + 38, 3*s + 2*z + 87 = -2*s. What are the prime factors of (1 + -55)*s/51?
2, 3
Let b = 10 + -8. Suppose c - 5 = y + 118, -b = y. Suppose 4*n = 31 + c. List the prime factors of n.
2, 19
Suppose -2*t = -3*t + 60. Suppose -3*a + 40 = 2*a. Suppose -12*z + t = -a*z. List the prime factors of z.
3, 5
Suppose 79*o - 93*o = -31122. What are the prime factors of o?
3, 13, 19
Let s = 5147 + -1980. List the prime factors of s.
3167
Let o = 1275 - 504. What are the prime factors of o?
3, 257
Suppose -2*r + 5*t + 1 = 2, -3*t + 51 = 3*r. Let w be 6/(2*(-3)/(-9)). Let v = r - w. What are the prime factors of v?
3
Let j = -75 + 80. Suppose 2*b + 8*o - 3*o = 94, o - 258 = -j*b. List the prime factors of b.
2, 13
Let o = -10 - -13. Suppose -2*i - 9 = o